t k(n) = n**3 - 12*n**2 - 3. Let p = 13 + -1. Let j be k(p). What are the prime factors of i(j)?
2, 17
Let b(g) = -g**2 - 5*g - 2. Let h be b(-3). Suppose 0 = k + h*w - 438, k + 2*w - 473 = 5*w. What are the prime factors of k?
2, 229
Suppose -27*q = 4*q + 39*q - 4023810. List the prime factors of q.
3, 2129
Let l = -134 - -50. Let c be l/2*(100/(-8))/5. Let d = c - 20. What are the prime factors of d?
5, 17
Let m = -250 + 235. What are the prime factors of (2 + 11)*-3*m?
3, 5, 13
Let g be (-1 - 2)*18/(-3). Suppose 7*k = g + 87. What are the prime factors of k?
3, 5
Let u(m) = 41*m**3 - 4*m**2 - 9*m + 19. Let s be u(5). Suppose -5*p + s + 1121 = 0. List the prime factors of p.
2, 3, 17
Let p(l) = l**3 + 60*l**2 - 12*l + 178. List the prime factors of p(-42).
2, 16217
Suppose 328*u = 103*u + 4056975. What are the prime factors of u?
13, 19, 73
Let g be 7 + (-10)/(80/24). Suppose 0*a = -g*a + 1116. What are the prime factors of a?
3, 31
Let g = 31 + -31. Suppose -14*l + 246 + 244 = g. Let u = l + 45. What are the prime factors of u?
2, 5
Suppose 2*z - 5*n + 284 = 0, 4*n = 18*z - 19*z - 155. Let y = 854 + z. What are the prime factors of y?
7, 101
Let v = -15 + 15. Let y be (v + (-834)/24)*(1 - 5). Let s = y + -66. What are the prime factors of s?
73
Suppose 42*y = 48*y. Suppose 4*i - 5*j - 1229 = 0, y*i + 4*j = 2*i - 616. List the prime factors of i.
2, 3, 17
Let r(p) = 3215*p**2 - 73*p + 226. List the prime factors of r(5).
2, 13, 1543
List the prime factors of (406482/296)/(1/4).
3, 1831
Suppose -32*k - 44*k + 1731624 = -30*k. List the prime factors of k.
2, 3, 3137
Suppose 43*c + 134*c = 4560582. What are the prime factors of c?
2, 13, 991
What are the prime factors of (20295/(-492))/(3/(-220))?
5, 11
Let v(k) = -k**2 + 12*k + 7. Suppose -12*a + 96 = -8*a. Suppose -4*s = -16, g + 2*s + 6 - a = 0. What are the prime factors of v(g)?
3
Suppose -3*d - 3*d = 36. Let b be (-11 - -11) + 3/(d/(-8)). Suppose b*s - 125 - 283 = 0. List the prime factors of s.
2, 3, 17
Let m = -20 + 24. Let d be (20/(-25))/(m/(-10)). Suppose d*f + 251 = 3*b, 0 = b + 4*b + 4*f - 433. List the prime factors of b.
5, 17
Let j be 2/(2 + 30/(-16)). Let q be 32/j + (-4)/2. Suppose -i = -q*w - w - 262, 2*w + 1046 = 4*i. List the prime factors of i.
3, 29
Let f be (2 - 4) + 2 + 4544. List the prime factors of (-2 - (-1)/(-4))/((-16)/f).
3, 71
Let m be ((-14)/(-3))/(5/(30/4)). Let j = 13 - m. Suppose u - 52 = j. List the prime factors of u.
2, 29
Suppose 3*b + 0*b - 5*x - 4465 = 0, 3*x + 7415 = 5*b. Let t = -829 + b. List the prime factors of t.
3, 7, 31
Let s = -83 + 87. Suppose 3*g - 770 = -g + 2*k, 0 = -s*g - 3*k + 755. Suppose -3*v + 4*f = -4*v + g, -5*v + 2*f + 845 = 0. List the prime factors of v.
3, 19
Suppose d + a = 2*d - 5, -5*d - a = -7. Let b be (d - -1) + 0 + 2. Suppose -o = 5*s + o - 572, 5*o = b*s - 565. What are the prime factors of s?
2, 3, 19
Suppose -b + 9 = 5*n, n - 3 = 2*n. Suppose 9*u - b*u = -1650. What are the prime factors of u?
2, 5, 11
Let c = 253 + 1925. What are the prime factors of c?
2, 3, 11
Let o(v) = -2*v**2 + 23*v + 13. Suppose 70*i = 72*i - 72. Let a = i + -27. List the prime factors of o(a).
2, 29
Let s(b) = 2*b**2 + 23*b - 24. Let z be s(-16). Let q = z + -144. List the prime factors of 1/(-6) + (-3 - 364/q).
2, 3
Let j be (21/6 + -2)/(2/(-100)). Let c = -75 - j. Suppose c*u + 212 = 4*u. What are the prime factors of u?
53
Suppose 1328*y - 4*q - 91348 = 1324*y, -2*q - 2 = 0. List the prime factors of y.
2, 3, 11, 173
Suppose 3*t + 16*q + 35 = 12*q, -q = 5. List the prime factors of 35/t + 14 - -617.
2, 3, 13
List the prime factors of -11 - (-532512)/45 - (-4)/10.
3, 7, 563
What are the prime factors of 2*((-249954)/(-12) - 21)?
41617
Let t(c) be the first derivative of 1/3*c**3 - 41 + 41*c - 2*c**2. What are the prime factors of t(-8)?
137
Let f be ((-15)/6)/((-3)/(-60)). Let k = 55 + f. Suppose 2*m - 443 = -k*v, 671 = 3*m - 0*m + v. What are the prime factors of m?
2, 7
Suppose 2*c - 36 = -4*d, -c - 5*d = -5*c + 124. What are the prime factors of c/(1/39*6)?
13
Let n = 871 - 587. Suppose 5*p + 1620 = 5*y, -2*p - n - 1348 = -5*y. What are the prime factors of y?
2, 41
Suppose 5*w - 8*w + 486 = 0. Suppose w*l - 880 = 158*l. What are the prime factors of l?
2, 5, 11
Let w(k) = 9*k**3 - 1. Let y(l) be the second derivative of -18*l**5/5 + 9*l**2/2 + 48*l. Let n(r) = -33*w(r) - 4*y(r). What are the prime factors of n(-3)?
2, 3, 5
Suppose 10 = d - 3*f, -4*d + f = -2*f - 85. Let s = -25 + d. Let j = s - -10. List the prime factors of j.
2, 5
Suppose 3*t - 11309 = -p, 3*p - 18843 = -5*t - 0*t. What are the prime factors of t/12*(-40)/(-15)?
2, 419
Let q(v) = 11*v**2 - 3*v - 34. Suppose 0*z = -2*h - z - 6, 4*z - 11 = -h. What are the prime factors of q(h)?
2
Let i(p) = p**2 + 45*p - 45. Let l(d) = 5*d**2 + 179*d - 180. Let u(f) = 9*i(f) - 2*l(f). List the prime factors of u(20).
3, 5, 11
Let s(r) = -25 - 179*r - 265*r + 121*r - 22. What are the prime factors of s(-2)?
599
Let g = 3253 - -3130. What are the prime factors of g?
13, 491
Suppose -5*x = -4*a + 9 - 87, -5*a - 2*x = 81. Let m(b) = b**3 + 21*b**2 + 28*b - 18. What are the prime factors of m(a)?
2, 331
Suppose 0 = 158*s - 144*s - 78288. List the prime factors of s.
2, 3, 233
Let a(t) be the first derivative of t**3/3 - 3*t**2 - 2*t - 170. Let b be 11 + -2 + (-2)/(-1). List the prime factors of a(b).
53
Let z = 49467 - -12160. List the prime factors of z.
61627
Let b be 1/(7/7) - -4. Suppose 12 = b*y - 143. List the prime factors of y.
31
Let k(l) = -l**2 + 10*l - 19. Let o be k(7). Let u = 4 + o. Suppose 0*j = -u*j + 450. List the prime factors of j.
3, 5
Suppose -7*b - 25 = -67. List the prime factors of 2128/b - 1/(-3).
5, 71
Let j(h) = h**2 - 2*h + 22. Let b be j(7). List the prime factors of b - 52 - 235/(-1).
2, 3, 5
Let h = 135 - 148. What are the prime factors of (26/h)/(2/(-177))?
3, 59
Let y(f) be the third derivative of f**5/20 + 5*f**4/8 + 79*f**3/6 + 14*f**2. What are the prime factors of y(-13)?
17, 23
Let w(k) = -9*k + 2. Let l be w(3). Let h = 61 + l. List the prime factors of 2/(-9) + 5300/h.
3, 7
Suppose -3021 = 15*h - 2*h - 62041. List the prime factors of h.
2, 5, 227
Suppose 54509 = 69*a - 1451 - 15800. What are the prime factors of a?
2, 5, 13
Suppose 6*m - 5 = -77. Let g be m/54 - (-58)/18. Suppose g*y + 2*y - 55 = 0. What are the prime factors of y?
11
Let t be 91 - (1/(-4)*-4)/1. Let n = t + -112. What are the prime factors of (-11)/n - (-333)/2?
167
Suppose 5*a + 148 = -3*s, 3*s - 4*a = -129 - 1. List the prime factors of -3 + s/(-14) - (-4891)/7.
3, 233
Let h be 0*(-2)/(-8)*(-2)/6. Suppose 4 = -7*b + 18. Suppose h = b*t - 252 - 40. What are the prime factors of t?
2, 73
Suppose 92 = 2*w - 6*w. Let o = 3 + -41. Let q = w - o. What are the prime factors of q?
3, 5
Let o = 11 - 8. Suppose -14 = -o*q - 5. What are the prime factors of (-12)/q + 6 + 80?
2, 41
Let w be 8 + -1 + 4 + 0. Suppose -6 = 5*x - w. What are the prime factors of 1/x - (93 - -3)/(-4)?
5
Let u(r) = -3*r**3 + 86*r**2 - 17*r - 12. Let d be u(28). Suppose 6*j - 648 = d. List the prime factors of j.
2, 3
Suppose -36*z + 42 = -43*z. Let i(k) = 3*k**2 - 9*k - 63. List the prime factors of i(z).
3, 11
Let b(v) = 35426*v**3 - 2*v**2 + 29*v - 27. List the prime factors of b(1).
2, 17713
Let b = -3600 + 44872. What are the prime factors of b?
2, 7, 11, 67
Let n = -2317 + 927. Let h = n - -2255. List the prime factors of h.
5, 173
Suppose 0 = n + 5 - 7, -74 = 2*q - 4*n. Let d = q + 66. What are the prime factors of d?
3, 11
Suppose -5161 = j + 2*z - 26013, 62566 = 3*j + 4*z. List the prime factors of j.
2, 3, 19, 61
Suppose -2*w + 60 = 54. Let i(r) = 4*r**2 + 4*r - 2. Let n be i(-4). Suppose w*g + s - 309 = 0, -4*g + n = 3*s - 371. What are the prime factors of g?
2, 3, 17
Suppose 5*b + 202215 = 5*z, -40461 = -55*z + 54*z - 5*b. List the prime factors of z.
2, 3, 7, 107
Suppose 2*o + o - 18432 = -3*j, -2*j = 3*o - 12290. List the prime factors of j.
2, 37, 83
Let s = 29979 + -7053. List the prime factors of s.
2, 3, 3821
List the prime factors of 2419*(627/95*-5)/(3*-1).
11, 41, 59
Suppose -53*b = -41*b - 80424. What are the prime factors of b?
2, 3, 1117
Suppose -4*q + 4*f + 5580 = 0, 0 = -10*q + 15*q + 4